{"id":745,"date":"2018-01-08T16:24:10","date_gmt":"2018-01-08T16:24:10","guid":{"rendered":"http:\/\/psicologavicentaenguix.es\/gabinete\/?post_type=project&#038;p=745"},"modified":"2023-02-21T17:40:11","modified_gmt":"2023-02-21T17:40:11","slug":"fobias","status":"publish","type":"project","link":"http:\/\/psicologavicentaenguix.es\/index.php\/project\/fobias\/","title":{"rendered":"Fobias"},"content":{"rendered":"<p>[et_pb_section fb_built=\u00bb1&#8243; _builder_version=\u00bb4.16&#8243; global_colors_info=\u00bb{}\u00bb][et_pb_row _builder_version=\u00bb4.16&#8243; background_size=\u00bbinitial\u00bb background_position=\u00bbtop_left\u00bb background_repeat=\u00bbrepeat\u00bb global_colors_info=\u00bb{}\u00bb][et_pb_column type=\u00bb4_4&#8243; _builder_version=\u00bb4.16&#8243; custom_padding=\u00bb|||\u00bb global_colors_info=\u00bb{}\u00bb custom_padding__hover=\u00bb|||\u00bb][et_pb_text _builder_version=\u00bb4.20.0&#8243; text_font=\u00bbVerdana||||||||\u00bb text_text_color=\u00bb#000000&#8243; text_font_size=\u00bb16px\u00bb header_font=\u00bbVerdana||||||||\u00bb header_text_color=\u00bb#000000&#8243; header_font_size=\u00bb40px\u00bb global_colors_info=\u00bb{}\u00bb]<\/p>\n<div>\n<h1>Fobias<\/h1>\n<p><img loading=\"lazy\" decoding=\"async\" class=\"size-medium wp-image-574 alignright\" src=\"http:\/\/psicologavicentaenguix.es\/wp-content\/uploads\/2017\/09\/fobias-300x238.jpg\" alt=\"\" width=\"300\" height=\"238\" srcset=\"http:\/\/psicologavicentaenguix.es\/wp-content\/uploads\/2017\/09\/fobias-300x238.jpg 300w, http:\/\/psicologavicentaenguix.es\/wp-content\/uploads\/2017\/09\/fobias-768x609.jpg 768w, http:\/\/psicologavicentaenguix.es\/wp-content\/uploads\/2017\/09\/fobias-1024x813.jpg 1024w, http:\/\/psicologavicentaenguix.es\/wp-content\/uploads\/2017\/09\/fobias-1080x857.jpg 1080w, http:\/\/psicologavicentaenguix.es\/wp-content\/uploads\/2017\/09\/fobias.jpg 1250w\" sizes=\"auto, (max-width: 300px) 100vw, 300px\" \/><\/p>\n<\/div>\n<h5>\u00a0<\/h5>\n<p><strong>Diferencias entre miedo y fobia<\/strong><\/p>\n<p>El miedo se define como la angustia experimentada ante un riesgo o da\u00f1o real o imaginario.<\/p>\n<p>As\u00ed, pues, los miedos normales son simplemente se\u00f1ales de alarma que, tienden a evitar situaciones que pueden resultar peligrosas.<\/p>\n<p>El miedo y fobia se diferencian b\u00e1sicamente en su intensidad y en sus consecuencias. El miedo suele aparecer ante una circunstancia concreta que objetivamente representa alg\u00fan peligro real. El miedo guarda una proporci\u00f3n adecuada al peligro o la amenaza. Por el contrario, la persona f\u00f3bica, siente un miedo mucho m\u00e1s intenso, que no guarda relaci\u00f3n con el objeto que lo produce. Adem\u00e1s, la persona con fobia suele reconocer que su miedo es irracional.<\/p>\n<p>&nbsp;<\/p>\n<p><strong>\u00bfPor qu\u00e9 tengo fobia?<\/strong><\/p>\n<p>Las causas del desarrollo de una fobia no est\u00e1n claras, pero las investigaciones sugieren que existen ciertos factores gen\u00e9ticos y ambientales que favorecen la aparici\u00f3n de la fobia.<\/p>\n<p>No obstante, hay ciertas situaciones en las cuales se puede identificar la posible causa de una fobia, estas situaciones son en las que la persona, por distintos motivos, est\u00e1 sometida a estr\u00e9s. Una de las causas posibles por las que surge una fobia espec\u00edfica es que la persona haya sufrido una experiencia traum\u00e1tica en su infancia, despu\u00e9s la persona asocia esa experiencia al objeto que le causa temor. Esta asociaci\u00f3n puede ser directa o indirecta. Es directa cuando ha sido ese objeto la causa misma que desemboca en una fobia: por ejemplo, un ni\u00f1o es mordido por un perro, y a consecuencia de ello el ni\u00f1o crece y se convierte en un hombre con fobia a los perros. La asociaci\u00f3n es indirecta cuando el temor aparece desplazado: es decir, el sujeto no vive en primera persona la experiencia traum\u00e1tica, pero ve a otra persona en esa situaci\u00f3n, o recibe informaci\u00f3n a trav\u00e9s de una pel\u00edcula, etc.<\/p>\n<p>No obstante, no todas las personas que vivan o vean una experiencia traum\u00e1tica, desarrollar\u00e1n una fobia. Algunos cient\u00edficos se preguntaron esto al ver que, en muchos casos, los hijos repiten la fobia de los padres: por ejemplo, una madre con fobia a las ara\u00f1as les transmite a sus hijos su propio miedo a las ara\u00f1as. Sin embargo, no se trata de herencia gen\u00e9tica, sino que simplemente se trata de un comportamiento aprendido.<\/p>\n<p>Las personas que padecen una fobia no suelen recordar las causas de la misma, especialmente cuando se trata de fobias espec\u00edficas. Otras veces, en cambio, pueden recordar uno o varios sucesos que los llevaron a ellas.<\/p>\n<p>&nbsp;<\/p>\n<p><strong>Tipos de fobias m\u00e1s comunes:<\/strong><\/p>\n<p><strong><em>Agorafobia<\/em><\/strong><\/p>\n<p>Miedo intenso a los espacios abiertos (zonas de estacionamiento, mercados, etc.). Adem\u00e1s, el miedo va acompa\u00f1ado de alguno de los siguientes s\u00edntomas: Miedo al uso del transporte p\u00fablico (autom\u00f3viles, autobuses, aviones, etc.), a estar en sitios cerrador (tiendas, teatros, cines), a hacer cola o estar en medio de una multitud y\/o miedo fuera de casa solo.<\/p>\n<p>La persona con agorafobia evita estas situaciones debido a la idea de que escapar podr\u00eda ser dif\u00edcil o podr\u00eda no disponer de ayuda si aparecen s\u00edntomas de p\u00e1nico.<\/p>\n<p>Este trastorno puede llegar a ser muy incapacitante y dificulta el normal funcionamiento de la persona tanto a nivel laboral, familiar o social.<\/p>\n<p><strong><em>Claustrofobia<\/em><\/strong><\/p>\n<p>La Claustrofobia es un miedo intenso a los lugares cerrados. La mayor\u00eda de los espacios claustrof\u00f3bicos conllevan un riesgo de quedarse encerrado (por ejemplo, en un ascensor), as\u00ed como una restricci\u00f3n del movimiento. Por lo tanto, l<\/p>\n<p>as situaciones que se evitan son ascensores, t\u00faneles, el metro, habitaciones peque\u00f1as, etc. Los miedos m\u00e1s frecuentes son quedarse encerrado o no poder respirar y asfixiarse. Como en otras muchas fobias, la persona reconoce que el miedo es irracional, pero seguir\u00e1 evitando esos espacios cerrados.<\/p>\n<p>Entre un 2 y un 5% de la poblaci\u00f3n general sufre claustrofobia.<\/p>\n<p>Adem\u00e1s de la Claustrofobia y la Agorafobia, tambi\u00e9n son comunes las siguientes: Fobia social: La fobia social es un temor continuo e incontrolable a enfrentar determinadas situaciones sociales. Hematofobia: Miedo a la sangre, Aracnofobia: miedo a las ara\u00f1as, Aerofobia: el tan com\u00fan miedo a viajar en avi\u00f3n, Acrofobia: miedo a las alturas, Necrofobia: miedo a la muerte, etc.<\/p>\n<p>El tratamiento de elecci\u00f3n para las fobias es el de la Terapia de Exposici\u00f3n. En este tipo de terapia, el paciente va enfrent\u00e1ndose con la situaci\u00f3n temida, en pasos graduales y progresivos.<\/p>\n<p>&nbsp;<\/p>\n<h5><img loading=\"lazy\" decoding=\"async\" class=\"alignnone wp-image-863\" src=\"http:\/\/psicologavicentaenguix.es\/wp-content\/uploads\/2017\/11\/logo-e1511376893444.jpg\" alt=\"\" width=\"35\" height=\"30\" \/>\u00a0 \u00a0 \u00a0<a href=\"http:\/\/psicologavicentaenguix.es\/index.php\/tratamientos\/\">Volver Tratamientos<\/a><\/h5>\n<p>[\/et_pb_text][\/et_pb_column][\/et_pb_row][\/et_pb_section]<\/p>\n","protected":false},"excerpt":{"rendered":"<p>Fobias \u00a0 Diferencias entre miedo y fobia El miedo se define como la angustia experimentada ante un riesgo o da\u00f1o real o imaginario. As\u00ed, pues, los miedos normales son simplemente se\u00f1ales de alarma que, tienden a evitar situaciones que pueden resultar peligrosas. El miedo y fobia se diferencian b\u00e1sicamente en su intensidad y en sus [&hellip;]<\/p>\n","protected":false},"author":1,"featured_media":1348,"comment_status":"closed","ping_status":"closed","template":"","meta":{"_et_pb_use_builder":"on","_et_pb_old_content":"","_et_gb_content_width":"","footnotes":""},"project_category":[11],"project_tag":[13],"class_list":["post-745","project","type-project","status-publish","has-post-thumbnail","hentry","project_category-tratamientos","project_tag-projectos"],"_links":{"self":[{"href":"http:\/\/psicologavicentaenguix.es\/index.php\/wp-json\/wp\/v2\/project\/745","targetHints":{"allow":["GET"]}}],"collection":[{"href":"http:\/\/psicologavicentaenguix.es\/index.php\/wp-json\/wp\/v2\/project"}],"about":[{"href":"http:\/\/psicologavicentaenguix.es\/index.php\/wp-json\/wp\/v2\/types\/project"}],"author":[{"embeddable":true,"href":"http:\/\/psicologavicentaenguix.es\/index.php\/wp-json\/wp\/v2\/users\/1"}],"replies":[{"embeddable":true,"href":"http:\/\/psicologavicentaenguix.es\/index.php\/wp-json\/wp\/v2\/comments?post=745"}],"version-history":[{"count":11,"href":"http:\/\/psicologavicentaenguix.es\/index.php\/wp-json\/wp\/v2\/project\/745\/revisions"}],"predecessor-version":[{"id":1462,"href":"http:\/\/psicologavicentaenguix.es\/index.php\/wp-json\/wp\/v2\/project\/745\/revisions\/1462"}],"wp:featuredmedia":[{"embeddable":true,"href":"http:\/\/psicologavicentaenguix.es\/index.php\/wp-json\/wp\/v2\/media\/1348"}],"wp:attachment":[{"href":"http:\/\/psicologavicentaenguix.es\/index.php\/wp-json\/wp\/v2\/media?parent=745"}],"wp:term":[{"taxonomy":"project_category","embeddable":true,"href":"http:\/\/psicologavicentaenguix.es\/index.php\/wp-json\/wp\/v2\/project_category?post=745"},{"taxonomy":"project_tag","embeddable":true,"href":"http:\/\/psicologavicentaenguix.es\/index.php\/wp-json\/wp\/v2\/project_tag?post=745"}],"curies":[{"name":"wp","href":"https:\/\/api.w.org\/{rel}","templated":true}]}}

<p>[et_pb_section fb_built=»1&#8243; _builder_version=»4.16&#8243; global_colors_info=»{}»][et_pb_row _builder_version=»4.16&#8243; background_size=»initial» background_position=»top_left» background_repeat=»repeat» global_colors_info=»{}»][et_pb_column type=»4_4&#8243; _builder_version=»4.16&#8243; custom_padding=»|||» global_colors_info=»{}» custom_padding__hover=»|||»][et_pb_text _builder_version=»4.20.0&#8243; text_font=»Verdana||||||||» text_text_color=»#000000&#8243; text_font_size=»16px» header_font=»Verdana||||||||» header_text_color=»#000000&#8243; header_font_size=»40px» global_colors_info=»{}»]</p>
<div>
<h1>Fobias</h1>
<p><img loading="lazy" decoding="async" class="size-medium wp-image-574 alignright" src="http://psicologavicentaenguix.es/wp-content/uploads/2017/09/fobias-300x238.jpg" alt="" width="300" height="238" srcset="http://psicologavicentaenguix.es/wp-content/uploads/2017/09/fobias-300x238.jpg 300w, http://psicologavicentaenguix.es/wp-content/uploads/2017/09/fobias-768x609.jpg 768w, http://psicologavicentaenguix.es/wp-content/uploads/2017/09/fobias-1024x813.jpg 1024w, http://psicologavicentaenguix.es/wp-content/uploads/2017/09/fobias-1080x857.jpg 1080w, http://psicologavicentaenguix.es/wp-content/uploads/2017/09/fobias.jpg 1250w" sizes="auto, (max-width: 300px) 100vw, 300px" /></p>
</div>
<h5> </h5>
<p><strong>Diferencias entre miedo y fobia</strong></p>
<p>El miedo se define como la angustia experimentada ante un riesgo o daño real o imaginario.</p>
<p>Así, pues, los miedos normales son simplemente señales de alarma que, tienden a evitar situaciones que pueden resultar peligrosas.</p>
<p>El miedo y fobia se diferencian básicamente en su intensidad y en sus consecuencias. El miedo suele aparecer ante una circunstancia concreta que objetivamente representa algún peligro real. El miedo guarda una proporción adecuada al peligro o la amenaza. Por el contrario, la persona fóbica, siente un miedo mucho más intenso, que no guarda relación con el objeto que lo produce. Además, la persona con fobia suele reconocer que su miedo es irracional.</p>
<p>&nbsp;</p>
<p><strong>¿Por qué tengo fobia?</strong></p>
<p>Las causas del desarrollo de una fobia no están claras, pero las investigaciones sugieren que existen ciertos factores genéticos y ambientales que favorecen la aparición de la fobia.</p>
<p>No obstante, hay ciertas situaciones en las cuales se puede identificar la posible causa de una fobia, estas situaciones son en las que la persona, por distintos motivos, está sometida a estrés. Una de las causas posibles por las que surge una fobia específica es que la persona haya sufrido una experiencia traumática en su infancia, después la persona asocia esa experiencia al objeto que le causa temor. Esta asociación puede ser directa o indirecta. Es directa cuando ha sido ese objeto la causa misma que desemboca en una fobia: por ejemplo, un niño es mordido por un perro, y a consecuencia de ello el niño crece y se convierte en un hombre con fobia a los perros. La asociación es indirecta cuando el temor aparece desplazado: es decir, el sujeto no vive en primera persona la experiencia traumática, pero ve a otra persona en esa situación, o recibe información a través de una película, etc.</p>
<p>No obstante, no todas las personas que vivan o vean una experiencia traumática, desarrollarán una fobia. Algunos científicos se preguntaron esto al ver que, en muchos casos, los hijos repiten la fobia de los padres: por ejemplo, una madre con fobia a las arañas les transmite a sus hijos su propio miedo a las arañas. Sin embargo, no se trata de herencia genética, sino que simplemente se trata de un comportamiento aprendido.</p>
<p>Las personas que padecen una fobia no suelen recordar las causas de la misma, especialmente cuando se trata de fobias específicas. Otras veces, en cambio, pueden recordar uno o varios sucesos que los llevaron a ellas.</p>
<p>&nbsp;</p>
<p><strong>Tipos de fobias más comunes:</strong></p>
<p><strong><em>Agorafobia</em></strong></p>
<p>Miedo intenso a los espacios abiertos (zonas de estacionamiento, mercados, etc.). Además, el miedo va acompañado de alguno de los siguientes síntomas: Miedo al uso del transporte público (automóviles, autobuses, aviones, etc.), a estar en sitios cerrador (tiendas, teatros, cines), a hacer cola o estar en medio de una multitud y/o miedo fuera de casa solo.</p>
<p>La persona con agorafobia evita estas situaciones debido a la idea de que escapar podría ser difícil o podría no disponer de ayuda si aparecen síntomas de pánico.</p>
<p>Este trastorno puede llegar a ser muy incapacitante y dificulta el normal funcionamiento de la persona tanto a nivel laboral, familiar o social.</p>
<p><strong><em>Claustrofobia</em></strong></p>
<p>La Claustrofobia es un miedo intenso a los lugares cerrados. La mayoría de los espacios claustrofóbicos conllevan un riesgo de quedarse encerrado (por ejemplo, en un ascensor), así como una restricción del movimiento. Por lo tanto, l</p>
<p>as situaciones que se evitan son ascensores, túneles, el metro, habitaciones pequeñas, etc. Los miedos más frecuentes son quedarse encerrado o no poder respirar y asfixiarse. Como en otras muchas fobias, la persona reconoce que el miedo es irracional, pero seguirá evitando esos espacios cerrados.</p>
<p>Entre un 2 y un 5% de la población general sufre claustrofobia.</p>
<p>Además de la Claustrofobia y la Agorafobia, también son comunes las siguientes: Fobia social: La fobia social es un temor continuo e incontrolable a enfrentar determinadas situaciones sociales. Hematofobia: Miedo a la sangre, Aracnofobia: miedo a las arañas, Aerofobia: el tan común miedo a viajar en avión, Acrofobia: miedo a las alturas, Necrofobia: miedo a la muerte, etc.</p>
<p>El tratamiento de elección para las fobias es el de la Terapia de Exposición. En este tipo de terapia, el paciente va enfrentándose con la situación temida, en pasos graduales y progresivos.</p>
<p>&nbsp;</p>
<h5><img loading="lazy" decoding="async" class="alignnone wp-image-863" src="http://psicologavicentaenguix.es/wp-content/uploads/2017/11/logo-e1511376893444.jpg" alt="" width="35" height="30" />     <a href="http://psicologavicentaenguix.es/index.php/tratamientos/">Volver Tratamientos</a></h5>
<p>[/et_pb_text][/et_pb_column][/et_pb_row][/et_pb_section]</p>

<p>Fobias   Diferencias entre miedo y fobia El miedo se define como la angustia experimentada ante un riesgo o daño real o imaginario. Así, pues, los miedos normales son simplemente señales de alarma que, tienden a evitar situaciones que pueden resultar peligrosas. El miedo y fobia se diferencian básicamente en su intensidad y en sus [&hellip;]</p>
